{"id":11,"date":"2016-04-07T22:12:15","date_gmt":"2016-04-07T21:12:15","guid":{"rendered":"http:\/\/soleil-de-mai.fr\/boutique\/?page_id=11"},"modified":"2023-02-19T22:48:25","modified_gmt":"2023-02-19T21:48:25","slug":"conditions-generales-de-vente","status":"publish","type":"page","link":"https:\/\/soleil-de-mai.fr\/catalogue\/conditions-generales-de-vente\/","title":{"rendered":"Conditions g\u00e9n\u00e9rales de vente"},"content":{"rendered":"<p>Les pr\u00e9sentes conditions de vente sont conclues d\u2019une part par l&rsquo;entreprise Soleil de Mai, et d\u2019autre part par toute personne souhaitant proc\u00e9der \u00e0 un achat via la boutique Internet www.soleil-de-mai.fr .<br \/>\nLes pr\u00e9sentes conditions de vente sont \u00e0 disposition sur la page d&rsquo;accueil du site Internet.<\/p>\n<p><strong>Article 1. INFORMATIONS L\u00c9GALES<br \/>\n<\/strong>Entreprise :\u00a0Soleil de Mai<br \/>\nRepr\u00e9sentant l\u00e9gal :\u00a0Delphine VAN HOOREN<br \/>\nAdresse : LD Grillon EST\u00a0&#8211;\u00a047330\u00a0Castillonn\u00e8s<br \/>\nT\u00e9l\u00e9phone : 06\u00a010 63 04 07<br \/>\nMail : contact@soleil-de-mai.fr<br \/>\nR.C.S. Agen:\u00a0792 111 163 RM 47<br \/>\nn\u00b0 TVA intercommunautaire :<\/p>\n<p><strong>Article 2. PRIX<br \/>\n<\/strong>Les prix sont indiqu\u00e9s en Euros (\u20ac). Ils sont indiqu\u00e9s TTC (nets de TVA car entreprise non assujettie \u00e0 la TVA), et hors frais de port.<br \/>\nTous les r\u00e8glements bancaires sont effectu\u00e9s en Euros (\u20ac).<br \/>\nUne facture d\u00e9taill\u00e9e en Euros (\u20ac) accompagne la livraison de votre colis.<\/p>\n<p><strong>Article 3. COMMANDE<br \/>\n<\/strong>Afin de passer commande vous devez obligatoirement :<\/p>\n<ul>\n<li>Renseigner vos donn\u00e9es personnelles.<\/li>\n<li>Valider votre commande apr\u00e8s l&rsquo;avoir v\u00e9rifier.<\/li>\n<li>Effectuer le paiement dans les conditions pr\u00e9vues.<\/li>\n<li>Le fait de valider votre commande implique pour vous l&rsquo;obligation de payer en totalit\u00e9 le prix indiqu\u00e9.<\/li>\n<\/ul>\n<p><strong>Article 4. PAIEMENT<br \/>\n<\/strong>Le r\u00e8glement de vos achats s&rsquo;effectue selon un des modes de r\u00e8glement suivants :<\/p>\n<ul>\n<li>par carte bancaire ou par paypal (paiement s\u00e9curis\u00e9 en ligne)<\/li>\n<li>par ch\u00e8que<\/li>\n<li>par virement<\/li>\n<\/ul>\n<p>Les articles ne sont envoy\u00e9s qu&rsquo;apr\u00e8s complet paiement. Pour les paiements par virement, si le r\u00e8glement de la commande n&rsquo;est pas parvenu sous 10 jours, la commande sera annul\u00e9e et les produits remis en stock.<\/p>\n<p><strong>Article 5. LIVRAISON<br \/>\n<\/strong>Les articles sont livr\u00e9s par La Poste en colissimo (colis suivi, distribution sans signature) ou en Lettre Suivie \u00e0 l&rsquo;adresse de livraison indiqu\u00e9e au cours de votre commande (en France m\u00e9tropolitaine uniquement) .<\/p>\n<p>Les frais de port varient en fonction des articles command\u00e9s.<\/p>\n<p>Les d\u00e9lais de livraison sont de cinq (5) jours ouvrables \u00e0 compter de la r\u00e9ception de votre r\u00e8glement, hors dates de cong\u00e9s annuels.<br \/>\nSi la livraison ne peut \u00eatre assur\u00e9e dans ce d\u00e9lai, vous serez inform\u00e9 au plus t\u00f4t et pourrez annuler votre commande. Vous pourrez alors demander l&rsquo;\u00e9change du produit ou son remboursement.<\/p>\n<p><strong><span style=\"color: #ff0000;\">Soleil de Mai ne pourra \u00eatre tenu responsable en cas de retard de livraison d\u00fb au transporteur ou aux intemp\u00e9ries.<\/span><\/strong><\/p>\n<p>Les articles voyagent \u00e0 vos frais, risques et p\u00e9rils. Tout colis part de nos locaux en parfait \u00e9tat. Il vous appartient donc de v\u00e9rifier le colis au moment de sa r\u00e9ception.<br \/>\nEn cas de colis endommag\u00e9 il est pr\u00e9f\u00e9rable de refuser celui-ci et de pr\u00e9venir l&rsquo;entreprise Soleil de Mai.<\/p>\n<p><b>Article 6. R\u00c9TRACTATION\u00a0ET RETOUR<\/b><br \/>\nConform\u00e9ment aux dispositions de l&rsquo;article L. 121-18 du Code de la Consommation, vous disposez d&rsquo;un d\u00e9lai de r\u00e9tractation de quatorze (14) jours \u00e0 compter de la r\u00e9ception de vos articles pour exercer votre droit de r\u00e9tractation sans avoir \u00e0 justifier de motifs ni \u00e0 payer de p\u00e9nalit\u00e9.<\/p>\n<p>Les frais de retour des articles sont \u00e0 votre charge.<br \/>\nLes articles doivent \u00eatre retourn\u00e9s \u00e0 l&rsquo;adresse indiqu\u00e9e \u00e0 l&rsquo;article 1, en bon \u00e9tat donc non utilis\u00e9s et dans leur emballage d&rsquo;origine non ouvert, avec la facture originale.<\/p>\n<p>L&rsquo;entreprise\u00a0Soleil de Mai ne prendra \u00e0 sa charge les frais de retour (au tarif de base en vigueur) que si la livraison s&rsquo;av\u00e8re non conforme \u00e0 la commande.<\/p>\n<p><strong>Article 7. RESPONSABILITE<br \/>\n<\/strong>Les articles propos\u00e9s sont conformes \u00e0 la l\u00e9gislation fran\u00e7aise en vigueur. L&rsquo;entreprise\u00a0Soleil de Mai\u00a0ne saurait \u00eatre tenu pour responsable des dommages r\u00e9sultant d&rsquo;une mauvaise utilisation du produit achet\u00e9.<\/p>\n<p>La responsabilit\u00e9 de l&rsquo;entreprise\u00a0Soleil de Mai ne saurait \u00eatre engag\u00e9e pour tous les inconv\u00e9nients ou dommages inh\u00e9rents \u00e0 l&rsquo;utilisation du r\u00e9seau internet, notamment une rupture de service, une intrusion ext\u00e9rieure ou la pr\u00e9sence de virus informatiques.<\/p>\n<p><strong>Article 8. PROPRI\u00c9T\u00c9<br \/>\n<\/strong>Jusqu&rsquo;au paiement effectif et int\u00e9gral du prix, l&rsquo;entreprise\u00a0Soleil de Mai reste propri\u00e9taire des articles vendus. Le complet r\u00e8glement vaudra transfert de propri\u00e9t\u00e9, toutefois vous devenez responsable des articles d\u00e8s la livraison, le transfert de possession valant transfert de risques.<\/p>\n<p><b>Article 9. PROPRI\u00c9T\u00c9\u00a0INTELLECTUELLE<\/b><br \/>\nTous les \u00e9l\u00e9ments du site internet\u00a0Soleil de Mai\u00a0sont et restent la propri\u00e9t\u00e9 intellectuelle et exclusive de l&rsquo;entreprise Soleil de Mai. Nul n&rsquo;est autoris\u00e9 \u00e0 reproduire, exploiter, rediffuser, ou utiliser \u00e0 quelque titre que ce soit, m\u00eame partiellement, des \u00e9l\u00e9ments du site.<\/p>\n<p><b>Article 10. DONN\u00c9ES\u00a0PERSONNELLES<\/b><br \/>\nAfin de r\u00e9pondre \u00e0 vos besoins et d&rsquo;assurer un service \u00e0 distance optimal, nous sommes amen\u00e9s \u00e0 enregistrer certains \u00e9l\u00e9ments vous concernant (nom, pr\u00e9nom, adresse).<br \/>\nEn application de la loi Informatique et Libert\u00e9s du 6 janvier 1978, vous disposez d&rsquo;un droit d&rsquo;acc\u00e8s et de rectification de vos donn\u00e9es enregistr\u00e9es directement sur le site internet.<\/p>\n<p><strong>Article 11. L\u00c9GISLATION APPLICABLE ET JURIDICTION COMP\u00c9TENTE<br \/>\n<\/strong>En cas de difficult\u00e9s dans l&rsquo;application des pr\u00e9sentes conditions g\u00e9n\u00e9rales de vente, nous vous invitons \u00e0 rechercher une solution amiable en prenant contact avec nous.<\/p>\n<p>Soleil de Mai,\u00a0Delphine VAN HOOREN<br \/>\nLD Grillon EST\u00a0&#8211;\u00a047330\u00a0Castillonn\u00e8s<br \/>\nMail : contact@soleil-de-mai.fr<br \/>\nT\u00e9l\u00e9phone : 06\u00a010 63 04 07<\/p>\n","protected":false},"excerpt":{"rendered":"<p>Les pr\u00e9sentes conditions de vente sont conclues d\u2019une part par l&rsquo;entreprise Soleil de Mai, et d\u2019autre part par toute personne souhaitant proc\u00e9der \u00e0 un achat via la boutique Internet www.soleil-de-mai.fr . Les pr\u00e9sentes conditions de vente sont \u00e0 disposition sur la page d&rsquo;accueil du site Internet. Article 1. INFORMATIONS L\u00c9GALES Entreprise :\u00a0Soleil de Mai Repr\u00e9sentant [&hellip;]<\/p>\n","protected":false},"author":1,"featured_media":0,"parent":0,"menu_order":0,"comment_status":"closed","ping_status":"closed","template":"","meta":{"_monsterinsights_skip_tracking":false,"_monsterinsights_sitenote_active":false,"_monsterinsights_sitenote_note":"","_monsterinsights_sitenote_category":0,"footnotes":""},"_links":{"self":[{"href":"https:\/\/soleil-de-mai.fr\/catalogue\/wp-json\/wp\/v2\/pages\/11"}],"collection":[{"href":"https:\/\/soleil-de-mai.fr\/catalogue\/wp-json\/wp\/v2\/pages"}],"about":[{"href":"https:\/\/soleil-de-mai.fr\/catalogue\/wp-json\/wp\/v2\/types\/page"}],"author":[{"embeddable":true,"href":"https:\/\/soleil-de-mai.fr\/catalogue\/wp-json\/wp\/v2\/users\/1"}],"replies":[{"embeddable":true,"href":"https:\/\/soleil-de-mai.fr\/catalogue\/wp-json\/wp\/v2\/comments?post=11"}],"version-history":[{"count":6,"href":"https:\/\/soleil-de-mai.fr\/catalogue\/wp-json\/wp\/v2\/pages\/11\/revisions"}],"predecessor-version":[{"id":1863,"href":"https:\/\/soleil-de-mai.fr\/catalogue\/wp-json\/wp\/v2\/pages\/11\/revisions\/1863"}],"wp:attachment":[{"href":"https:\/\/soleil-de-mai.fr\/catalogue\/wp-json\/wp\/v2\/media?parent=11"}],"curies":[{"name":"wp","href":"https:\/\/api.w.org\/{rel}","templated":true}]}}