{"id":106,"date":"2016-04-12T00:21:43","date_gmt":"2016-04-11T22:21:43","guid":{"rendered":"http:\/\/soleil-de-mai.fr\/boutique\/produits-naturels\/savons-naturels\/savon-olive-argile-verte\/"},"modified":"2026-03-30T09:34:17","modified_gmt":"2026-03-30T07:34:17","slug":"savon-olive-argile-verte","status":"publish","type":"product","link":"https:\/\/soleil-de-mai.fr\/catalogue\/produits-naturels\/savons-surgras-naturels\/savon-olive-argile-verte\/","title":{"rendered":"Savon Olive Argile verte"},"content":{"rendered":"<p><strong>Savon olive argile verte &#8211; Savon naturel saponifi\u00e9 \u00e0 froid en Lot et Garonne<\/strong><\/p>\n<p><strong>Engagements&nbsp;<\/strong><\/p>\n<p>Fabrication artisanale par saponification \u00e0 froid &#8211; Sans huile de palme &#8211; Sans conservateurs &#8211; Sans parabens<br \/>\nLes savons Soleil de Mai ont re\u00e7u les <strong>mentions <em>Nature &amp; Progr\u00e8s<\/em> et <em>Slow Cosm\u00e9tique<\/em><\/strong>.<\/p>\n<p><strong>Ingr\u00e9dients&nbsp;<\/strong><em>(*issu de l&rsquo;Agriculture Biologique)<\/em><strong>&nbsp;:<\/strong><br \/>\nHuile v\u00e9g\u00e9tale* saponifi\u00e9e \u00e0 froid d&rsquo;Olive vierge<br \/>\nArgile Verte<\/p>\n<p><em>Ingr\u00e9dients sous appellation INCI :&nbsp;sodium Olivate, Glycerin, Aqua, Illite green clay.<\/em><\/p>\n<p><strong>Propri\u00e9t\u00e9s** des ingr\u00e9dients&nbsp;utilis\u00e9s :<\/strong><br \/>\nHuile v\u00e9g\u00e9tale :&nbsp;hydratante, anti-oxydante, protectrice, adoucissante, \u00e9molliente.<br \/>\nArgile verte : absorbante.<\/p>\n<p><em>** sources : Ma bible des huiles essentielles par Dani\u00e8le Festy \/ \u00ab\u00a0Le guide terre vivante des huiles essentielles\u00a0\u00bb par les Dr F.Couic Marinier &amp; Dr A.Touboul<\/em><\/p>\n","protected":false},"excerpt":{"rendered":"<p>Ce savon surgras &#8211; saponifi\u00e9 \u00e0 froid &#8211; est compos\u00e9 uniquement \u00e0 base d&rsquo;huile d&rsquo;olive vierge bio et d&rsquo;argile verte fran\u00e7aise.<\/p>\n<p>C&rsquo;est LE savon de base, l&rsquo;anc\u00eatre, l&rsquo;ind\u00e9modable ! Il ne mousse presque pas, est sans huiles essentielles, ce qui le rend id\u00e9al pour les peaux les plus sensibles, r\u00e9actives, intol\u00e9rantes, ou\/et les personnes allergiques.<\/p>\n<p><strong>Conseill\u00e9 pour peau :<\/strong>\u00a0 fragile, intol\u00e9rante<br \/><strong>Parfum\u00a0:<\/strong>\u00a0Olive, v\u00e9g\u00e9tal <br \/><strong>Poids :<\/strong> 100 g minimum \u00e0 l&#8217;emballage <br \/><b>Mention :\u00a0<\/b><em>Nature &amp; Progr\u00e8s \/ Slow Cosm\u00e9tique<\/em><\/p>\n","protected":false},"featured_media":107,"comment_status":"open","ping_status":"closed","template":"","meta":{"_monsterinsights_skip_tracking":false,"_monsterinsights_sitenote_active":false,"_monsterinsights_sitenote_note":"","_monsterinsights_sitenote_category":0},"_links":{"self":[{"href":"https:\/\/soleil-de-mai.fr\/catalogue\/wp-json\/wp\/v2\/product\/106"}],"collection":[{"href":"https:\/\/soleil-de-mai.fr\/catalogue\/wp-json\/wp\/v2\/product"}],"about":[{"href":"https:\/\/soleil-de-mai.fr\/catalogue\/wp-json\/wp\/v2\/types\/product"}],"replies":[{"embeddable":true,"href":"https:\/\/soleil-de-mai.fr\/catalogue\/wp-json\/wp\/v2\/comments?post=106"}],"wp:featuredmedia":[{"embeddable":true,"href":"https:\/\/soleil-de-mai.fr\/catalogue\/wp-json\/wp\/v2\/media\/107"}],"wp:attachment":[{"href":"https:\/\/soleil-de-mai.fr\/catalogue\/wp-json\/wp\/v2\/media?parent=106"}],"curies":[{"name":"wp","href":"https:\/\/api.w.org\/{rel}","templated":true}]}}