{"id":150,"date":"2016-04-13T23:39:18","date_gmt":"2016-04-13T21:39:18","guid":{"rendered":"http:\/\/soleil-de-mai.fr\/boutique\/produits-naturels\/parfums-interieur\/mieux-que-la-citronnelle-2\/"},"modified":"2025-10-04T17:28:55","modified_gmt":"2025-10-04T15:28:55","slug":"parfum-mieux-que-la-citronnelle","status":"publish","type":"product","link":"https:\/\/soleil-de-mai.fr\/catalogue\/produits-naturels\/parfums-interieur-naturels\/parfum-mieux-que-la-citronnelle\/","title":{"rendered":"Mieux que la citronnelle"},"content":{"rendered":"<p>Compos\u00e9s d\u2019alcool de bl\u00e9*, d\u2019eaux florales* et d\u2019huiles* essentielles, nos parfums d\u2019int\u00e9rieur sont formul\u00e9s \u00e0 base d&rsquo;ingr\u00e9dients d&rsquo;origine 100% naturelle, &nbsp;et b\u00e9n\u00e9ficient des propri\u00e9t\u00e9s d\u2019aromath\u00e9rapie des plantes utilis\u00e9es.<br \/>\nLes parfums d&rsquo;int\u00e9rieur Soleil de Mai ont re\u00e7u la <strong>mention Nature &amp; Progr\u00e8s<\/strong>.<\/p>\n<p><strong>Ingr\u00e9dients&nbsp;:<\/strong>&nbsp; Alcool de bl\u00e9*, eau florale de g\u00e9ranium bourbon*, eau, huiles essentielles* d&rsquo;eucalyptus citronn\u00e9e, de lavandin super, et de c\u00e8dre (allerg\u00e8nes naturels : limonene, linalool, citronelol, geraniol, coumarin)**.<\/p>\n<p><strong>Conseils d\u2019utilisation :&nbsp;<\/strong>Secouer le flacon afin d\u2019obtenir un m\u00e9lange homog\u00e8ne d\u2019huiles&nbsp;essentielles.<br \/>\nVaporiser dans l\u2019air pour parfumer sainement l\u2019int\u00e9rieur&nbsp;de vos maison, voiture, armoires, etc.<\/p>\n<p><strong>Pr\u00e9cautions d\u2019emploi <\/strong>(dues \u00e0 la pr\u00e9sence d&rsquo;alcool et d&rsquo;huiles essentielles) : Ne pas ing\u00e9rer. Tenir \u00e9loign\u00e9 de la chaleur, des surfaces chaudes, des \u00e9tincelles, des flammes nues et de toute autre source d&rsquo;inflammation. Ne pas fumer. Eviter le contact avec la peau et tout contact avec les yeux. Eviter le rejet dans l&rsquo;environnement. Tenir hors de port\u00e9e des enfants.<\/p>\n<p><em>*issus de l\u2019agriculture biologique<\/em><\/p>\n","protected":false},"excerpt":{"rendered":"<p><strong>Pourquoi mieux que la citronnelle ?<\/strong>\u00a0Parce que moins volatile et plus r\u00e9pulsive, cette synergie d&rsquo;huiles essentielles est plus concentr\u00e9e en \u00ab\u00a0citronnelol\u00a0\u00bb et \u00ab\u00a0geraniol\u00a0\u00bb composants naturels&#8230; que d\u00e9testent les moustiques. <\/p>\n<p><strong>Huiles essentielles<\/strong> :\u00a0Eucalyptus citronn\u00e9, lavandin super, c\u00e8dre. <br \/><b>Eau Florale<\/b>\u00a0: G\u00e9ranium Bourbon <br \/><strong>Propri\u00e9t\u00e9s* des composants<\/strong> : R\u00e9pulsive des moustiques, antibact\u00e9rienne.<strong> <br \/>Parfum\u00a0:<\/strong>\u00a0Citronnelle <br \/><strong>Contenance :<\/strong> 100 ml (contenu dans un flacon avec vaporisateur) <\/p>\n<p><em>* sources : Ma bible des huiles essentielles par Dani\u00e8le Festy<\/em><\/p>\n","protected":false},"featured_media":162,"comment_status":"open","ping_status":"closed","template":"","meta":{"_monsterinsights_skip_tracking":false,"_monsterinsights_sitenote_active":false,"_monsterinsights_sitenote_note":"","_monsterinsights_sitenote_category":0},"_links":{"self":[{"href":"https:\/\/soleil-de-mai.fr\/catalogue\/wp-json\/wp\/v2\/product\/150"}],"collection":[{"href":"https:\/\/soleil-de-mai.fr\/catalogue\/wp-json\/wp\/v2\/product"}],"about":[{"href":"https:\/\/soleil-de-mai.fr\/catalogue\/wp-json\/wp\/v2\/types\/product"}],"replies":[{"embeddable":true,"href":"https:\/\/soleil-de-mai.fr\/catalogue\/wp-json\/wp\/v2\/comments?post=150"}],"wp:featuredmedia":[{"embeddable":true,"href":"https:\/\/soleil-de-mai.fr\/catalogue\/wp-json\/wp\/v2\/media\/162"}],"wp:attachment":[{"href":"https:\/\/soleil-de-mai.fr\/catalogue\/wp-json\/wp\/v2\/media?parent=150"}],"curies":[{"name":"wp","href":"https:\/\/api.w.org\/{rel}","templated":true}]}}