{"id":52,"date":"2016-04-07T22:49:17","date_gmt":"2016-04-07T20:49:17","guid":{"rendered":"http:\/\/soleil-de-mai.fr\/boutique\/?post_type=product&#038;p=52"},"modified":"2026-03-15T09:18:55","modified_gmt":"2026-03-15T08:18:55","slug":"savon-lait-d-anesse-et-avoine","status":"publish","type":"product","link":"https:\/\/soleil-de-mai.fr\/catalogue\/produits-naturels\/savons-surgras-naturels\/savon-lait-d-anesse-et-avoine\/","title":{"rendered":"Savon Lait d\u2019\u00e2nesse &amp; Avoine"},"content":{"rendered":"<p><strong>Savon lait d&rsquo;\u00e2nesse et avoine &#8211; Savon naturel saponifi\u00e9 \u00e0 froid en Lot et Garonne<\/strong><\/p>\n<p><strong>Engagements&nbsp;<\/strong><br \/>\nFabrication artisanale par saponification \u00e0 froid &#8211; Garanti sans produits pr\u00e9occupants pour la sant\u00e9 ou source de pol\u00e9mique environnementale.<br \/>\nLes savons Soleil de Mai ont re\u00e7u les <strong>mentions <em>Nature &amp; Progr\u00e8s<\/em> et <em>Slow Cosm\u00e9tique<\/em><\/strong>.<\/p>\n<p>Nous achetons le lait d&rsquo;\u00e2nesse \u00e0 une \u00e9leveuse du Lot, et produisons en fonction de ces \u00ab\u00a0surplus\u00a0\u00bb de stocks de lait.<br \/>\nLorsque ses \u00e2nons ont besoin du lait de leurs m\u00e8res, nous ne produisons plus de savons et attendons leur sevrage afin de ne pas les priver. Nous ne mettons pas plus de 15% de lait d&rsquo;\u00e2nesse dans nos savons afin d&rsquo;en assurer la stabilit\u00e9, plus il y a de liquide dans un savon plus il fondra rapidement &#8230;<\/p>\n<p><strong>Ingr\u00e9dients&nbsp;<\/strong><em>(*issu de l&rsquo;Agriculture Biologique)<\/em><strong>&nbsp;:<\/strong><br \/>\nHuiles v\u00e9g\u00e9tales* saponifi\u00e9es \u00e0 froid : Olive, Coco, Karit\u00e9<br \/>\nLaits d&rsquo;\u00e2nesse (15%) et d&rsquo;avoine (10%)<\/p>\n<p><em>Ingr\u00e9dients sous appellation INCI :&nbsp;sodium Olivate, sodium Cocoate, sodium Sheabutterate, Glycerin, Asinae lac, Aqua and Avena sativa kernel flour.<\/em><\/p>\n<p><strong>Propri\u00e9t\u00e9s** des ingr\u00e9dients&nbsp;utilis\u00e9s :<\/strong><br \/>\nHuiles v\u00e9g\u00e9tales :&nbsp;hydratante, protectrice, nourrissante.<br \/>\nLaits : assouplissant.<\/p>\n<p><em>** sources : Ma bible des huiles essentielles par Dani\u00e8le Festy \/ \u00ab\u00a0Le guide terre vivante des huiles essentielles\u00a0\u00bb par les Dr F.Couic Marinier &amp; Dr A.Touboul<\/em><\/p>\n","protected":false},"excerpt":{"rendered":"<p>\u00b0\u00b0\u00b0vicitme de son succ\u00e8s !\u00b0\u00b0\u00b0 de retour le 18 d\u00e9cembre, en attendant vous pouvez commander le m\u00eame savon au format 65g.<br \/>Ce savon surgras \u2013 saponifi\u00e9 \u00e0 froid \u2013 compos\u00e9 \u00e0 base d\u2019huile d\u2019olive vierge et de beurre de karit\u00e9, est enrichi au lait v\u00e9g\u00e9tal d&rsquo;avoine et au lait d&rsquo;\u00e2nesse du Lot. Sa mousse est douce et onctueuse, il est sans huiles essentielles, ce qui le rend id\u00e9al pour les peaux les plus sensibles, r\u00e9actives, intol\u00e9rantes, ou\/et les personnes allergiques.<\/p>\n<p><strong>Conseill\u00e9 pour peau : <\/strong>Fragile, intol\u00e9rante, s\u00e8che <br \/><strong>Parfum\u00a0:<\/strong>\u00a0Neutre, v\u00e9g\u00e9tal <br \/><strong>Poids :<\/strong> 100g minimum \u00e0 l&#8217;emballage <br \/><b>Mention :\u00a0<\/b><em>Nature &amp; Progr\u00e8s<\/em><\/p>\n","protected":false},"featured_media":51,"comment_status":"open","ping_status":"closed","template":"","meta":{"_monsterinsights_skip_tracking":false,"_monsterinsights_sitenote_active":false,"_monsterinsights_sitenote_note":"","_monsterinsights_sitenote_category":0},"_links":{"self":[{"href":"https:\/\/soleil-de-mai.fr\/catalogue\/wp-json\/wp\/v2\/product\/52"}],"collection":[{"href":"https:\/\/soleil-de-mai.fr\/catalogue\/wp-json\/wp\/v2\/product"}],"about":[{"href":"https:\/\/soleil-de-mai.fr\/catalogue\/wp-json\/wp\/v2\/types\/product"}],"replies":[{"embeddable":true,"href":"https:\/\/soleil-de-mai.fr\/catalogue\/wp-json\/wp\/v2\/comments?post=52"}],"wp:featuredmedia":[{"embeddable":true,"href":"https:\/\/soleil-de-mai.fr\/catalogue\/wp-json\/wp\/v2\/media\/51"}],"wp:attachment":[{"href":"https:\/\/soleil-de-mai.fr\/catalogue\/wp-json\/wp\/v2\/media?parent=52"}],"curies":[{"name":"wp","href":"https:\/\/api.w.org\/{rel}","templated":true}]}}